ainder when 9 is divided by i?
0
Suppose -y + 46 - 3 = 3*j, -2*y + 3*j = -50. Calculate the remainder when 302 is divided by y.
23
Suppose -5*a + 49 + 131 = 0. Suppose -280 = 58*n - 48*n. Let t = a + n. Calculate the remainder when t is divided by 5.
3
Let g = -1321 + 1392. What is the remainder when 3334 is divided by g?
68
Let f be (-912)/(-90) - 5/((-150)/(-4)). Let m(t) = -5*t - 2. Let q be m(-4). Suppose -7*b = -f*b + q. Calculate the remainder when 52 is divided by b.
4
Suppose 0 = -4*r - 5*b + 14556, 375*r - 373*r - 7278 = 2*b. Calculate the remainder when r is divided by 65.
64
Let h(o) = 16*o - 62. Let p be h(7). Suppose -1039 - 1211 = -p*z. What is the remainder when 177 is divided by z?
42
Let r(j) = j**2 - 4*j + 6. Calculate the remainder when -21 + 253 + (2 - 21) is divided by r(7).
24
Suppose -5*v - 5*s + 25 = 0, 0 = -33*v + 30*v - 2*s + 16. Calculate the remainder when 2263 is divided by v.
1
Suppose -41*g - 132 = -53*g. Calculate the remainder when 54 is divided by g.
10
Let f(s) = -s. Let x be f(-10). Suppose 7*p - 126 = x*p. Let j = -30 - p. Calculate the remainder when 23 is divided by j.
11
Suppose 216 = 15*s - 9. Suppose -3*r + s*p = 14*p - 292, -3*p = 4*r - 385. Calculate the remainder when r is divided by 20.
17
Suppose 2*i + 2*i = -12. Let d be (-2 + 0)*(-4 - i). Let k(c) = 3*c**3 + c**2 - 3*c + 2. What is the remainder when 69 is divided by k(d)?
21
Suppose 32*x - 1464 = 24*x. Suppose x = 2*n - 5*d, -2*n = -4*d + 7*d - 159. What is the remainder when n is divided by 22?
18
Calculate the remainder when (9 - 14) + 413 + -29 is divided by 1 + (-27)/(3 + -6).
9
Let h = 3447 + -3068. What is the remainder when h is divided by 250?
129
Suppose 0 = -5*q, 4*y + 2*q + 1 = 17. Suppose 311 = y*v - x, -x = x + 6. Suppose 0 = -2*h + 9*h - v. What is the remainder when 52 is divided by h?
8
Let y(u) = 66*u - 10. What is the remainder when y(6) is divided by 3/(-8) - 2743*(-11)/1144?
22
Let q = -48 - -55. Suppose -42 = -q*t + 35. Calculate the remainder when 207 is divided by t.
9
Let m = 137 + -75. Let p(o) = o**2 - 2399 + 8*o + 2448 + 2*o. What is the remainder when m is divided by p(-8)?
29
Let c(j) = -j**2 - 13*j - 23. Calculate the remainder when 114 is divided by c(-10).
2
Let h(c) = c**2 - 684*c + 32882. Calculate the remainder when 2/(-4) - 330/(-4) is divided by h(52).
10
Suppose 4 = -5*b - 36. Let d be b*(1 + -2 - 1). Suppose -14*j = -d*j + 38. Calculate the remainder when 24 is divided by j.
5
Let d = 3059 - 2956. Calculate the remainder when 185 is divided by d.
82
What is the remainder when (-3)/(45/(-34986)) + 9*7/105 is divided by 41?
37
Suppose 0 = 5*s - 2*j - 3204, -11*s = -6*s + 4*j - 3192. Suppose 11*o - 2323 = -s. What is the remainder when o is divided by 39?
36
Let r(i) = 63*i - 51. What is the remainder when r(14) is divided by 64?
63
Suppose -23471 - 3528 = -203*s. What is the remainder when 148 is divided by s?
15
Let m be 32/(-1)*(-1)/2. Suppose -20*g + 268 = 2*i, 1 = -2*g + 19. Calculate the remainder when i is divided by m + (-1*1)/1.
14
Suppose -16*w + 5*w = 8*w - 6441. What is the remainder when w is divided by 43?
38
Let x(i) = 206*i - 88. Let k(n) = n**2 + 2*n - 5. Calculate the remainder when x(1) is divided by k(-7).
28
Calculate the remainder when 664 is divided by 9/72*2 + (-3978)/(-24).
0
Suppose 0 = -r - 5*l + 66, 2*l = -3*r + 44 + 219. What is the remainder when 263 is divided by r?
81
Suppose -1010 = -36*f + 31*f. Let j = -166 + f. What is the remainder when j is divided by 2?
0
Let i(y) = 6*y**2 - 37*y - 140. What is the remainder when i(-23) is divided by 29?
28
Let v be (-1)/3 + (-138)/(-9). Suppose -u = y - 0*y - v, -5*u - 5 = y. Let z(d) = -9*d**2 - 506*d - 35. What is the remainder when z(-56) is divided by y?
17
Let w = 53 - 56. Let o be (-4)/w*((-34)/(-8) - 2). Suppose -5*s + 355 = -o*z, -s - z + 50 = -29. What is the remainder when s is divided by 15?
14
Let f(u) = 45*u + 4. Suppose 2*r = -3*w + 175, 3*w + 4*r - 84 - 101 = 0. What is the remainder when f(6) is divided by w?
54
Let l = -2975 + 2979. What is the remainder when 705 is divided by l?
1
What is the remainder when 55 is divided by (-2016)/(-40) + -10 + (24/15 - 2)?
15
Let f(r) = -r**3 - 6*r**2 + 7*r + 3. Let o be f(-7). Let v be o - -2 - (-1)/(1/(-4)). What is the remainder when (-351)/(-27) + (v + 0 - 0) is divided by 8?
6
Suppose -2*d - 3*b + 11 = 0, -3*d - 2*d - 3*b = -32. Suppose 3*a + 4 - d = 0. Calculate the remainder when 10 is divided by (a - 4/2)*(25 - 28).
1
Let w(j) = 4*j - 12. Let o be w(7). Suppose -o = r - 5*y, -r - 8 = -5*y + 2*y. What is the remainder when ((-12)/18)/(r/(-966)) is divided by 27?
26
Suppose 14*y - 9*y = 4*y + 443. Calculate the remainder when y is divided by 42.
23
Suppose -173*v - 2*k = -168*v - 4839, 0 = k - 2. What is the remainder when v is divided by 121?
120
Suppose 57*f - 45385 = -4*f - 13909. What is the remainder when f is divided by 6?
0
Suppose -18 + 160 = 2*p. Let v = p - 54. What is the remainder when 35 is divided by v?
1
Suppose -23 = -2*x + 57. Let o = 99 + -85. Calculate the remainder when x is divided by o.
12
Let r(v) = v**2 - 7*v + 9. Let t be r(4). Let x be t/2 - (-4 + 22/4). Calculate the remainder when (-2)/x*795/10 is divided by 11.
9
What is the remainder when 1494 is divided by (1 - 1 - -1)*(41 - (47 + -19))?
12
Let o(p) = p**3 - 4*p**2 + 3*p + 6. Suppose 5 = -9*v + 41. What is the remainder when 105 is divided by o(v)?
15
Let y = -21 + 21. Let q(b) = b**2 - 7*b + 7. What is the remainder when q(-8) is divided by (y - 1 - -13)/((-3)/(-8))?
31
Let u = -16723 + 17957. What is the remainder when u is divided by 130?
64
Suppose -3*y = -h - 85, -4*h - 5*y - 351 = -6*y. Calculate the remainder when 150 is divided by ((-190)/6)/(-1) + h/132.
26
Let w(p) = -p + 238. Suppose -4*j + 164 = -t, 4*j = -3*t + 106 + 42. What is the remainder when w(0) is divided by j?
38
Let t(f) = f**2 + 21*f + 348. Calculate the remainder when t(-27) is divided by 132.
114
Let c = -3390 + 4755. Suppose 0 = -6*p + 1473 + c. What is the remainder when (1 + 0)/(4/(p - 1)) is divided by 40?
38
Let i = -1393 - -1441. What is the remainder when 357 is divided by i?
21
Let f be (0 + -1)*-2 - -1. Suppose -u + 0*v = -v + 12, -f*u + v = 26. Calculate the remainder when 38 is divided by 18 - (0 - u/((-21)/(-6))).
6
Suppose -31*z - 39*z - 1440 = -75*z. What is the remainder when 937 is divided by z?
73
Calculate the remainder when 905 is divided by 642/(-856) - (-567)/4.
59
Let x = 13 - -15. Suppose -5*g + 62 = -x. Let b = 34 - g. What is the remainder when 45 is divided by b?
13
Let i(y) = -7*y**3 - 4*y**2 - 4*y - 13. Let v be i(-3). Suppose 10*p = 78 + v. Calculate the remainder when p is divided by 8.
7
Suppose 44*p - 151*p = 75*p - 208208. Calculate the remainder when p is divided by 230.
224
Suppose -5*o - 5*m - 750 = 0, 75 = -o + 2*m - 60. Let y = 199 + o. What is the remainder when y is divided by 14?
12
Let l(n) = n**2 + 2*n - 21. Let b be 8 - 13 - (-1)/(-2)*4. Calculate the remainder when 68 is divided by l(b).
12
Suppose -746*d - 4*v - 176 = -749*d, 0 = -5*d + 3*v + 286. Calculate the remainder when 383 is divided by d.
47
Let g = -31 + 31. Suppose 8*a - 80 - 48 = g. Suppose -16*b + 20*b = a. Calculate the remainder when 5 is divided by b.
1
Let a(l) = 255*l - 6977. What is the remainder when a(29) is divided by 18?
4
Let m(i) = -i**3 - 3*i**2 + 5*i - 40. Let g be m(-9). Let b = -339 + g. Calculate the remainder when b is divided by 22.
18
Calculate the remainder when 290928/(-608)*16/6*-1 is divided by 183.
178
What is the remainder when ((-42567)/35)/(63/(-735)) is divided by 11?
10
Let j(y) = -2*y + 1. Suppose 5*n - 3 + 32 = -2*q, -23 = 2*q + 3*n. Let w(p) = -2*p**2 + 26*p - 74. Calculate the remainder when j(q) is divided by w(5).
3
Let q(i) = i**2 + i - 23. Let j(t) = -2*t**2 - 3*t + 44. Let f(b) = -6*j(b) - 11*q(b). Calculate the remainder when f(6) is divided by 10.
7
Let o(v) = -20 - 17*v - 20 + 187. What is the remainder when o(-7) is divided by 46?
36
Let b = 25 + -18. Let p(w) = -14*w - 30. Let c be p(-2). Let f = b - c. Calculate the remainder when 16 is divided by f.
7
Suppose s = -4, 4*a - 6*s - 4*s = 660. What is the remainder when a is divided by 68?
19
Calculate the remainder wh